4 a multiple of 54?
True
Is 446686869 a multiple of 5035?
False
Is 784672080 a multiple of 60?
True
Does 52 divide 98291804?
True
Is 253317012 a multiple of 26?
True
Is 57178127 a multiple of 123?
False
Is 6179 a factor of 2276695803?
True
Is 922811658 a multiple of 186?
True
Is 661 a factor of 13728970?
True
Does 5238 divide 50181952?
False
Does 8 divide 3995448?
True
Is 1326804599 a multiple of 137?
False
Is 307170445 a multiple of 2?
False
Is 12951432 a multiple of 274?
True
Does 3695 divide 85217785?
True
Does 614 divide 107678416?
False
Does 71 divide 244516261?
True
Is 55863151 a multiple of 5612?
False
Is 72 a factor of 171806971?
False
Is 67345425 a multiple of 225?
True
Is 336 a factor of 68041412?
False
Is 422 a factor of 163840656?
True
Is 6 a factor of 6093399?
False
Is 1995898320 a multiple of 3952?
True
Does 4087 divide 770285912?
False
Does 124 divide 40856783?
False
Is 321090140 a multiple of 721?
True
Is 81567136 a multiple of 32?
True
Is 32260504 a multiple of 707?
False
Is 2895 a factor of 638232175?
False
Does 199 divide 187006353?
False
Is 28 a factor of 23525348?
True
Is 140 a factor of 1779321600?
True
Is 135 a factor of 421504952?
False
Does 405 divide 696329865?
True
Is 14 a factor of 66963343?
False
Does 1210 divide 717098030?
True
Is 70965085 a multiple of 222?
False
Is 158 a factor of 742190464?
True
Does 22 divide 31333148?
True
Is 3161 a factor of 42866321?
True
Does 26 divide 964762153?
False
Is 75 a factor of 7338030?
False
Is 1057026645 a multiple of 1161?
True
Is 120053758 a multiple of 4889?
False
Is 26 a factor of 1355428178?
True
Is 74253600 a multiple of 240?
True
Does 246 divide 599654520?
True
Does 55 divide 3161015?
True
Does 637 divide 66865414?
False
Is 4947770623 a multiple of 67?
False
Is 135 a factor of 1589695065?
True
Is 28809578 a multiple of 5?
False
Is 8 a factor of 2436698859?
False
Is 2448 a factor of 37956240?
True
Is 89 a factor of 191793136?
False
Is 2712 a factor of 227049532?
False
Is 35 a factor of 1915620?
True
Is 320030153 a multiple of 578?
False
Is 135 a factor of 267314175?
True
Does 428 divide 7443725?
False
Is 393 a factor of 169898298?
False
Is 2824481 a multiple of 252?
False
Is 100321425 a multiple of 25?
True
Does 98 divide 594747496?
True
Is 847 a factor of 631194869?
False
Is 113761542 a multiple of 138?
True
Does 556 divide 185794971?
False
Is 19206050 a multiple of 310?
True
Does 38 divide 40192486?
True
Is 31303558 a multiple of 143?
True
Does 12 divide 41515165?
False
Is 387764828 a multiple of 3797?
True
Is 706171791 a multiple of 39?
True
Does 3246 divide 712809728?
False
Does 11 divide 43588108?
False
Is 676 a factor of 263632573?
False
Does 26 divide 2545148866?
True
Is 166 a factor of 61595555?
False
Is 30156698 a multiple of 286?
True
Is 314897100 a multiple of 1050?
True
Is 146 a factor of 183506678?
False
Does 11 divide 7218679?
False
Is 12 a factor of 453025354?
False
Is 431 a factor of 2372499?
False
Is 36 a factor of 26932176?
True
Is 385178727 a multiple of 30?
False
Is 318 a factor of 99808752?
True
Is 888102576 a multiple of 612?
True
Is 453 a factor of 87889701?
True
Is 118590128 a multiple of 311?
False
Does 8 divide 108294843?
False
Is 58269197 a multiple of 892?
False
Does 1677 divide 1936027743?
True
Is 2 a factor of 42572194?
True
Is 18650205 a multiple of 1965?
False
Does 2864 divide 3396251488?
True
Is 978 a factor of 27401604?
True
Is 110511745 a multiple of 1430?
False
Does 10 divide 22220970?
True
Is 175 a factor of 31527179?
False
Is 882555 a multiple of 51?
True
Is 1553186399 a multiple of 11565?
False
Is 2045 a factor of 533049700?
True
Is 443 a factor of 134115592?
True
Is 742563677 a multiple of 1286?
False
Is 4 a factor of 98755?
False
Is 218 a factor of 24328364?
True
Is 2063274717 a multiple of 7089?
True
Does 21 divide 123742415?
False
Is 23132782 a multiple of 639?
False
Does 3308 divide 184960204?
True
Does 406 divide 909960366?
False
Does 86 divide 202231494?
True
Is 441627218 a multiple of 17?
False
Is 1138280769 a multiple of 27?
True
Is 9 a factor of 99953271?
True
Does 6 divide 41217029?
False
Is 10 a factor of 43988712?
False
Does 194 divide 36580640?
True
Is 5000426 a multiple of 11?
False
Does 72 divide 39509640?
True
Is 51146124 a multiple of 55?
False
Does 6 divide 70061345?
False
Is 15092640 a multiple of 752?
True
Does 78 divide 135055603?
False
Is 376 a factor of 48112960?
True
Is 38053080 a multiple of 423?
True
Does 146 divide 55084801?
False
Is 33162 even?
True
Is 344 a factor of 10218864?
True
Is 13 a factor of 361038074?
False
Does 5 divide 9364445?
True
Is 10081 a factor of 1173357833?
True
Is 1389968749 a multiple of 108?
False
Is 5 a factor of 9000065?
True
Is 1392 a factor of 158467970?
False
Is 1458329145 a multiple of 105?
True
Is 5432177505 a multiple of 13535?
True
Is 186 a factor of 297890313?
False
Does 51 divide 54213765?
True
Is 37 a factor of 107790657?
True
Is 90 a factor of 100697220?
True
Does 81 divide 4239554289?
False
Is 60 a factor of 85622040?
True
Is 51 a factor of 174945402?
True
Is 12114869 a multiple of 53?
False
Is 142845394 a multiple of 41?
True
Is 141421274 a multiple of 401?
False
Is 582891410 a multiple of 22?
False
Does 261 divide 130159134?
True
Is 157 a factor of 9355916?
False
Is 72622557 a multiple of 1244?
False
Is 66 a factor of 18513924?
True
Is 756112 a multiple of 301?
True
Does 2481 divide 787159275?
True
Is 789 a factor of 492467908?
False
Is 1388 a factor of 42633808?
True
Is 2394 a factor of 1185759303?
False
Is 402 a factor of 197982393?
False
Does 2789 divide 1437062364?
False
Is 26376079 a multiple of 238?
False
Is 21 a factor of 3614203425?
True
Does 159 divide 9618705?
True
Is 544045065 a multiple of 158?
False
Is 9 a factor of 1177715070?
True
Is 34 a factor of 486775714?
False
Is 79 a factor of 578232584?
False
Is 127 a factor of 5416434?
False
Does 3 divide 354746082?
True
Does 49 divide 6699083?
False
Is 101592943 a multiple of 12?
False
Is 11 a factor of 526575205?
False
Is 147 a factor of 29816451?
True
Is 4915 a factor of 243505954?
False
Is 24610860 a multiple of 20?
True
Is 122 a factor of 16386430?
True
Is 813 a factor of 567498538?
False
Is 2 a factor of 3231263?
False
Is 1168874 a multiple of 203?
True
Is 3559 a factor of 3571067153?
False
Is 37 a factor of 94481447?
False
Does 43 divide 710169854?
True
Is 21 a factor of 2181798822?
True
Is 6364 a factor of 571709940?
True
Is 748 a factor of 32031568?
False
Does 6 divide 172704120?
True
Is 2 a factor of 173399880?
True
Does 10 divide 323838556?
False
Does 221 divide 5827549?
True
Is 57572634 a multiple of 14?
True
Does 29 divide 59770131?
True
Is 742 a factor of 1818632992?
False
Does 572 divide 26552474?
False
Is 4961 a factor of 960469444?
True
Does 10 divide 61143022?
False
Is 83167329 a multiple of 16?
False
Is 102 a factor of 62780694?
True
Is 9 a factor of 2847287?
False
Is 5261 a factor of 1213099788?
False
Is 10 a factor of 185309667?
False
Is 5011184 a multiple of 8?
True
Is 335846059 a multiple of 4169?
False
Does 6 divide 4574370?
True
Does 15 divide 867151365?
True
Is 19 a factor of 72579086?
False
Is 14444000 a multiple of 23?
True
Is 2741692 a multiple of 34?
True
Is 25 a factor of 1649052348?
False
Is 3 a factor of 480338657?
False
Does 1408 divide 1033945088?
True
Is 263 a factor of 25837383?
True
Is 3142 a factor of 869387615?
False
Is 2708 a factor of 704380588?
True
Is 402 a factor of 141766932?
False
Is 132018329 a multiple of 4?
False
Is 46218006 a multiple of 27?
True
Is 26 a factor of 32975676?
False
Is 51351198 a multiple of 1721?
True
Is 3054882 a multiple of 197?
False
Is 37 a factor of 1383791?
False
Is 12564000 a multiple of 15?
True
Is 591 a factor of 84440120?
False
Is 82 a factor of 3989995688?
True
Does 25 divide 747289?
False
Is 51218656 a multiple of 1184?
True
Is 447831712 a multiple of 23?
True
Is 15 a factor of 10076715?
True
Does 1612 divide 699696957?
False
Is 258812393 a multiple of 5610?
False
Is 1154 a factor of 2886894868?
True
Is 53 a factor of 17720102?
False
Is 7 a factor of 56835098?
False
Does 1559 divide 59451911?
False
Does 3075 divide 159604800?
True
Is 4216464 a multiple of 16?
True
Is 2569 a factor of 315748083?
True
Does 304 divide 50267370?
False